when 1479 is divided by 80.
39
Calculate the remainder when 325152 is divided by 84.
72
What is the remainder when 485352 is divided by 97061?
47
What is the remainder when 1254 is divided by 1223?
31
What is the remainder when 2698 is divided by 104?
98
What is the remainder when 10504 is divided by 5242?
20
What is the remainder when 4094 is divided by 254?
30
Calculate the remainder when 866338 is divided by 163.
156
Calculate the remainder when 4469 is divided by 45.
14
What is the remainder when 452 is divided by 29?
17
Calculate the remainder when 87594 is divided by 122.
120
Calculate the remainder when 6162 is divided by 112.
2
What is the remainder when 7293 is divided by 7258?
35
Calculate the remainder when 40486 is divided by 10116.
22
Calculate the remainder when 196167 is divided by 20.
7
Calculate the remainder when 3305 is divided by 338.
263
What is the remainder when 19338 is divided by 222?
24
What is the remainder when 1550 is divided by 388?
386
Calculate the remainder when 238107 is divided by 79366.
9
What is the remainder when 613095 is divided by 53?
44
Calculate the remainder when 312330 is divided by 749.
746
Calculate the remainder when 18405 is divided by 144.
117
What is the remainder when 80535 is divided by 157?
151
Calculate the remainder when 20929 is divided by 1395.
4
Calculate the remainder when 733760 is divided by 167.
129
Calculate the remainder when 5960 is divided by 1199.
1164
Calculate the remainder when 96886 is divided by 207.
10
What is the remainder when 13232 is divided by 117?
11
Calculate the remainder when 559 is divided by 23.
7
Calculate the remainder when 43838 is divided by 20.
18
Calculate the remainder when 11208 is divided by 3712.
72
Calculate the remainder when 48179 is divided by 15.
14
What is the remainder when 149397 is divided by 75?
72
What is the remainder when 4191 is divided by 175?
166
Calculate the remainder when 127453 is divided by 52.
1
Calculate the remainder when 12545 is divided by 131.
100
Calculate the remainder when 1069 is divided by 107.
106
What is the remainder when 124785 is divided by 31196?
1
Calculate the remainder when 132029 is divided by 40.
29
What is the remainder when 11132 is divided by 1228?
80
Calculate the remainder when 114112 is divided by 149.
127
Calculate the remainder when 88890 is divided by 71.
69
What is the remainder when 298 is divided by 96?
10
What is the remainder when 412804 is divided by 365?
354
Calculate the remainder when 1480 is divided by 113.
11
What is the remainder when 14279 is divided by 4757?
8
Calculate the remainder when 60390 is divided by 272.
6
What is the remainder when 4148 is divided by 4145?
3
What is the remainder when 34083 is divided by 38?
35
What is the remainder when 5267 is divided by 1300?
67
Calculate the remainder when 5996 is divided by 837.
137
Calculate the remainder when 3461 is divided by 206.
165
Calculate the remainder when 97318 is divided by 597.
7
Calculate the remainder when 115342 is divided by 81.
79
What is the remainder when 623491 is divided by 49?
15
Calculate the remainder when 28253 is divided by 577.
557
What is the remainder when 5632 is divided by 1138?
1080
What is the remainder when 7444 is divided by 296?
44
Calculate the remainder when 100824 is divided by 14.
10
What is the remainder when 205467 is divided by 197?
193
Calculate the remainder when 4847 is divided by 761.
281
Calculate the remainder when 33105 is divided by 26.
7
Calculate the remainder when 5558 is divided by 1818.
104
What is the remainder when 7834 is divided by 7684?
150
What is the remainder when 17809 is divided by 103?
93
Calculate the remainder when 3794 is divided by 459.
122
What is the remainder when 3103 is divided by 231?
100
Calculate the remainder when 2074 is divided by 87.
73
What is the remainder when 1128 is divided by 241?
164
Calculate the remainder when 312575 is divided by 81.
77
What is the remainder when 7582 is divided by 697?
612
Calculate the remainder when 2678 is divided by 661.
34
Calculate the remainder when 243303 is divided by 5289.
9
Calculate the remainder when 141821 is divided by 224.
29
What is the remainder when 14754 is divided by 734?
74
What is the remainder when 114748 is divided by 255?
253
Calculate the remainder when 4549 is divided by 1804.
941
What is the remainder when 202057 is divided by 292?
285
Calculate the remainder when 1308 is divided by 181.
41
Calculate the remainder when 23649780 is divided by 107.
105
Calculate the remainder when 1099 is divided by 111.
100
What is the remainder when 1687 is divided by 50?
37
What is the remainder when 26507 is divided by 3313?
3
Calculate the remainder when 558 is divided by 162.
72
What is the remainder when 10865 is divided by 546?
491
What is the remainder when 91665 is divided by 232?
25
Calculate the remainder when 32899 is divided by 35.
34
Calculate the remainder when 328664 is divided by 244.
240
Calculate the remainder when 166293 is divided by 2079.
2052
Calculate the remainder when 815 is divided by 266.
17
What is the remainder when 21126 is divided by 4?
2
Calculate the remainder when 3049210 is divided by 353.
349
Calculate the remainder when 51478 is divided by 156.
154
What is the remainder when 6351 is divided by 129?
30
Calculate the remainder when 37309 is divided by 53.
50
What is the remainder when 1836741 is divided by 150?
141
Calculate the remainder when 614315 is divided by 1896.
11
Calculate the remainder when 9646 is divided by 210.
196
What is the remainder when 18646 is divided by 198?
34
What is the remainder when 88569 is divided by 107?
80
What is the remainder when 41656 is divided by 127?
0
What is the remainder when 26525 is divided by 20?
5
What is the remainder when 23857 is divided by 434?
421
Calculate the remainder when 2368 is divided by 589.
12
Calculate the remainder when 6501 is divided by 756.
453
What is the remainder when 11939 is divided by 808?
627
Calculate the remainder when 8221 is divided by 1805.
1001
What is the remainder when 49773 is divided by 190?
183
What is the remainder when 4461 is divided by 714?
177
What is the remainder when 2364109 is divided by 31?
18
What is the remainder when 164477 is divided by 320?
317
What is the remainder when 2467 is divided by 2452?
15
Calculate the remainder when 1383 is divided by 417.
132
What is the remainder when 1423187 is divided by 13?
12
What is the remainder when 74 is divided by 16?
10
What is the remainder when 4042 is divided by 92?
86
Calculate the remainder when 20232 is divided by 723.
711
What is the remainder when 5292 is divided by 1073?
1000
What is the remainder when 5327 is divided by 591?
8
Calculate the remainder when 3360 is divided by 626.
230
Calculate the remainder when 17468 is divided by 91.
87
Calculate the remainder when 90878 is divided by 46.
28
What is the remainder when 96373 is divided by 296?
173
Calculate the remainder when 2699 is divided by 1539.
1160
What is the remainder when 218302 is divided by 758?
756
What is the remainder when 891 is divided by 426?
39
Calculate the remainder when 10405 is divided by 11.
10
What is the remainder when 36110 is divided by 75?
35
Calculate the remainder when 3996 is divided by 339.
267
What is the remainder when 21349 is divided by 52?
29
What is the remainder when 44015 is divided by 924?
587
Calculate the remainder when 134463 is divided by 825.
813
What is the remainder when 265132 is divided by 41?
26
Calculate the remainder when 11719 is divided by 91.
71
What is the remainder when 119842 is divided by 71?
65
Calculate the remainder when 25010 is divided by 53.
47
Calculate the remainder when 23680 is divided by 7536.
1072
What is the remainder when 72359 is divided by 45?
44
Calculate the remainder when 1483 is divided by 1459.
24
What is the remainder when 45876 is divided by 620?
616
What is the remainder when 20331 is divided by 46?
45
What is the remainder when 57291 is divided by 11455?
16
Calculate the remainder when 68541 is divided by 51.
48
Calculate the remainder when 61137 is divided by 6112.
17
What is the remainder when 1739 is divided by 297?
254
What is the remainder when 35933 is divided by 11976?
5
Calculate the remai